mainder when 10171 is divided by 628.
123
Calculate the remainder when 232172 is divided by 999.
404
What is the remainder when 54441 is divided by 10767?
606
What is the remainder when 480398 is divided by 6861?
128
Calculate the remainder when 78799626 is divided by 2781.
2772
Calculate the remainder when 115965431 is divided by 594.
593
What is the remainder when 29261562 is divided by 46?
42
Calculate the remainder when 6631492 is divided by 461.
7
What is the remainder when 1219891 is divided by 671?
13
What is the remainder when 32739 is divided by 1586?
1019
Calculate the remainder when 310183 is divided by 198.
115
What is the remainder when 8811796 is divided by 104902?
28
What is the remainder when 2521041 is divided by 12238?
13
What is the remainder when 13488485 is divided by 132?
65
What is the remainder when 654804 is divided by 81818?
260
What is the remainder when 1188779 is divided by 394674?
4757
What is the remainder when 3577578 is divided by 1192495?
93
Calculate the remainder when 195784054 is divided by 1813.
1810
Calculate the remainder when 3136817 is divided by 4188.
5
Calculate the remainder when 1469094 is divided by 2424.
150
Calculate the remainder when 2039386 is divided by 339897.
4
Calculate the remainder when 4753003 is divided by 113.
110
Calculate the remainder when 185647 is divided by 5624.
55
Calculate the remainder when 2626314 is divided by 83.
28
What is the remainder when 246822 is divided by 142?
26
Calculate the remainder when 152769 is divided by 28.
1
What is the remainder when 149025 is divided by 5897?
1600
What is the remainder when 1730796 is divided by 83?
80
What is the remainder when 1161577 is divided by 814?
813
What is the remainder when 502570 is divided by 135?
100
Calculate the remainder when 13220987 is divided by 236.
31
What is the remainder when 48552 is divided by 3546?
2454
What is the remainder when 734778 is divided by 378?
324
What is the remainder when 1706119 is divided by 3592?
3511
What is the remainder when 31813 is divided by 1329?
1246
What is the remainder when 11147088 is divided by 5923?
2
Calculate the remainder when 23320444 is divided by 6.
4
Calculate the remainder when 236786 is divided by 39461.
20
What is the remainder when 3954240 is divided by 1318069?
33
What is the remainder when 16942 is divided by 5311?
1009
Calculate the remainder when 12032824 is divided by 44.
12
What is the remainder when 13792520 is divided by 1411?
1406
Calculate the remainder when 585887 is divided by 97645.
17
What is the remainder when 319336 is divided by 79723?
444
What is the remainder when 17669677 is divided by 3208?
13
Calculate the remainder when 2854637 is divided by 356827.
21
What is the remainder when 159330 is divided by 954?
12
What is the remainder when 6462963 is divided by 735?
108
What is the remainder when 3945217 is divided by 934?
1
Calculate the remainder when 47466183 is divided by 27.
21
What is the remainder when 41971076 is divided by 827?
826
What is the remainder when 69488857 is divided by 1190?
1187
What is the remainder when 516176 is divided by 8461?
55
What is the remainder when 380680 is divided by 190293?
94
Calculate the remainder when 78039 is divided by 75734.
2305
What is the remainder when 38309039 is divided by 3216?
47
Calculate the remainder when 86155 is divided by 451.
14
Calculate the remainder when 3020957 is divided by 1010.
47
What is the remainder when 8996982 is divided by 2998711?
849
What is the remainder when 987542 is divided by 547?
207
Calculate the remainder when 157942 is divided by 12.
10
Calculate the remainder when 668604 is divided by 2346.
2340
What is the remainder when 326492 is divided by 162943?
606
What is the remainder when 1721842 is divided by 3521?
73
What is the remainder when 6414455 is divided by 1299?
1292
What is the remainder when 6512428 is divided by 1302358?
638
What is the remainder when 262801 is divided by 11426?
3
What is the remainder when 15681047 is divided by 1152?
23
Calculate the remainder when 6383084 is divided by 491006.
6
Calculate the remainder when 12416624 is divided by 1415.
1414
What is the remainder when 172661 is divided by 171637?
1024
Calculate the remainder when 6407611 is divided by 194170.
1
What is the remainder when 71905 is divided by 71645?
260
Calculate the remainder when 256651 is divided by 205.
196
Calculate the remainder when 1454786 is divided by 24657.
23
Calculate the remainder when 38286469 is divided by 7243.
7214
Calculate the remainder when 295096949 is divided by 5003.
5000
What is the remainder when 90700 is divided by 497?
246
Calculate the remainder when 329236 is divided by 1036.
824
What is the remainder when 856146 is divided by 23745?
1326
Calculate the remainder when 3685700 is divided by 3132.
2468
What is the remainder when 485669 is divided by 737?
723
What is the remainder when 158399812 is divided by 489?
487
What is the remainder when 2059238 is divided by 4400?
38
Calculate the remainder when 42855336 is divided by 40737.
12
Calculate the remainder when 204954 is divided by 25531.
706
What is the remainder when 400280 is divided by 11116?
104
What is the remainder when 24876508 is divided by 1908?
4
Calculate the remainder when 24069199 is divided by 2161.
2142
What is the remainder when 251567 is divided by 107?
10
What is the remainder when 241793 is divided by 465?
458
What is the remainder when 425256 is divided by 3196?
188
Calculate the remainder when 435099 is divided by 10609.
130
Calculate the remainder when 5857210 is divided by 344541.
13
Calculate the remainder when 15435 is divided by 3801.
231
What is the remainder when 89974 is divided by 3456?
118
What is the remainder when 248174371 is divided by 155?
151
What is the remainder when 193553 is divided by 387?
53
Calculate the remainder when 2113447 is divided by 10064.
7
Calculate the remainder when 3150806 is divided by 46.
36
What is the remainder when 84065 is divided by 695?
665
What is the remainder when 96877 is divided by 1401?
208
Calculate the remainder when 227322 is divided by 16227.
144
Calculate the remainder when 1793157 is divided by 11.
3
What is the remainder when 256562 is divided by 127926?
710
Calculate the remainder when 5055302 is divided by 119.
63
Calculate the remainder when 1377938 is divided by 102.
20
What is the remainder when 603579 is divided by 636?
15
Calculate the remainder when 66242 is divided by 3666.
254
What is the remainder when 1041314 is divided by 94550?
1264
What is the remainder when 2630988 is divided by 2169?
2160
What is the remainder when 196209 is divided by 32208?
2961
What is the remainder when 1480635 is divided by 3705?
2340
What is the remainder when 855623 is divided by 427755?
113
What is the remainder when 2564834 is divided by 18?
14
What is the remainder when 1593143 is divided by 1214?
375
Calculate the remainder when 71111643 is divided by 23703879.
6
What is the remainder when 141534 is divided by 11781?
162
Calculate the remainder when 266082894 is divided by 37.
21
Calculate the remainder when 310734784 is divided by 7143.
7141
What is the remainder when 41631919 is divided by 22?
21
Calculate the remainder when 64465 is divided by 2552.
665
What is the remainder when 1550395 is divided by 510?
505
What is the remainder when 35162 is divided by 1151?
632
What is the remainder when 4736170 is divided by 2061?
2053
What is the remainder when 270270 is divided by 438?
24
Calculate the remainder when 8019488 is divided by 914.
52
What is the remainder when 107760 is divided by 101543?
6217
What is the remainder when 28686495 is divided by 500?
495
What is the remainder when 415849 is divided by 91?
70
What is the remainder when 2972548 is divided by 175?
173
Calculate the remainder when 181618204 is divided by 1246.
1244
What is the remainder when 683447 is divided by 1111?
182
What is the remainder when 58555920 is divided by 113?
111
Calculate the remainder when 26507662 is divided by 412.
406
What is the remainder when 59829 is divided by 666?
555
Calculate the remainder when 316160197 is divided by 1719.
1717
What is the remainder when 147551 is divided by 241?
59
Calculate the remainder when 191841 is divi